 j(h) = 8*h**2 + 67*h - 5. Let a(w) = w - 3. Let z be a(8). What are the prime factors of j(z)?
2, 5, 53
List the prime factors of 44/(-176) + (-66394)/(-8).
43, 193
Suppose l - 2*t + 45 = -4*t, 2*l = -t - 102. Let v = l + 54. What are the prime factors of (-963)/(-5) + ((-4)/(-10))/v?
193
Suppose x + c - 14948 = 0, 3*x - 44848 = -65*c + 61*c. List the prime factors of x.
2, 467
Suppose -4*t + 3*o + 204315 = 0, -233*o + 232*o = t - 51070. List the prime factors of t.
3, 5, 227
Suppose 5*c + 2*c = 28. Let m(u) = -u**3 + 5*u**2 - 2*u. Let b be m(c). Let p(y) = 2*y**2 - 18. What are the prime factors of p(b)?
2, 5, 11
Suppose 0 = -z + 3*z - b - 7, -20 = -z - 5*b. Suppose -3*j - n + 5*n + 138 = 0, 0 = 3*j + z*n - 138. Suppose -d - 15 + j = 0. List the prime factors of d.
31
Let m(w) be the first derivative of 95*w**2 - 104*w + 9. What are the prime factors of m(5)?
2, 3, 47
Let k = 2670 - 1802. List the prime factors of k.
2, 7, 31
Suppose -5*z - 115 = 4*a, -2*a - 2*a = -3*z + 155. Let v = a - -54. What are the prime factors of v?
19
Let x(c) = c**3 - 12*c**2 + 19*c - 75. Let r = -112 + 123. List the prime factors of x(r).
13
Suppose -3*s = -3*d - 1056, -5*s = 5*d - 4*d + 340. List the prime factors of (-30)/(-8)*(-91560)/d.
3, 109
Suppose 66 = 23*v - 21*v. Let s = -27 + v. What are the prime factors of (s/(-4))/(4 - (-3436)/(-856))?
107
List the prime factors of (7 - (-5 - -14)) + 7849.
7, 19, 59
Suppose -3*o + 17141 - 1283 = 0. What are the prime factors of o?
2, 3, 881
Let n be 2/(-4) + (-253)/(-46). Suppose 1 = 4*o - 2*g - 35, o = n*g. Suppose -s - 1138 = -5*p, p + o*s = 5*s + 212. What are the prime factors of p?
227
Let p(d) = 82*d**3 + 7*d**2 - 17*d + 22. List the prime factors of p(3).
2, 281
Suppose 494 = -5*s - 2321. Let y = -892 - s. Let n = -142 - y. List the prime factors of n.
11, 17
Let t be 34 + (0 - 0)/(-2). Let i = t + 38. List the prime factors of i.
2, 3
Let k = 9472 - -4943. List the prime factors of k.
3, 5, 31
What are the prime factors of (19 + (-19142 - 7))/((-2)/2)?
2, 5, 1913
Let b = -9 - -18. Suppose -5*w + 307 + 83 = 0. Let o = w + b. What are the prime factors of o?
3, 29
Let t(u) = -7*u + 24. Let b be t(2). Suppose b*d - 4*d = 30. Suppose -157 = -q + 5*a, d*a - 340 = -2*q + 2*a. What are the prime factors of q?
167
Suppose 24 = 4*v - 2*w, -3*v - v + 5*w + 36 = 0. Suppose -803 = 5*n + 2*b, -v*n - 628 = b - 3*b. Let c = 236 + n. What are the prime factors of c?
7, 11
Suppose -17*k = -11*k + 54. Let j(z) = -z**3 - 5*z**2 - 7*z + 11. List the prime factors of j(k).
2, 199
Let d = 13086 + 34292. List the prime factors of d.
2, 23689
Let t(q) = -51*q**2 - 4*q + 107. Let v be t(11). What are the prime factors of ((-91)/28 - -3)*v?
3, 509
Let f(p) = -16 + 17*p**2 + 8*p + 27 - 2*p**3 + 0*p**2. Let k be f(9). Suppose -5*d = -k*d - 39. List the prime factors of d.
13
List the prime factors of -5*(5 - 8/4*90092/40).
2, 7, 1607
Let p = -236 + 242. Suppose -2031 = -p*m + 435. List the prime factors of m.
3, 137
Suppose f + 3*d = 0, 4*f + f - 55 = -4*d. Suppose -5*a - 5*y = f, -4*y = 5*a + 3 + 9. Suppose -3*q + 340 + 365 = a. List the prime factors of q.
5, 47
Let m(q) = -q**2 + 5*q - 10. Let b be m(4). What are the prime factors of 109 - (b/5)/((-15)/50)?
3, 5, 7
Let a(v) = 5446*v - 134. What are the prime factors of a(2)?
2, 3, 11, 163
Suppose -5*y + 33 - 86 = -2*i, -58 = -2*i + 4*y. Let l = -37 + i. Suppose l*z - 165 = -43. List the prime factors of z.
61
Let n be 54483/(-88) + (-1)/(-8). What are the prime factors of -8 + (7 - (n - -2))?
2, 7, 11
Let z(m) = -3*m**3 + 3*m**2 + 30*m + 1042. List the prime factors of z(-20).
2, 12821
Let k(o) = -57*o + 29. Let v be -16*1 + 0/4 - -4. List the prime factors of k(v).
23, 31
Let q(j) = 169*j**2 - 186*j - 15. List the prime factors of q(9).
2, 3, 5
Suppose -281*c + 280*c - 15 = -2*f, 2*f - 3*c - 5 = 0. Suppose 2*x - 4050 = -3*x. Suppose -4*w + f*w = x. What are the prime factors of w?
3, 5
Let g(i) = -3505*i + 4449. List the prime factors of g(-16).
7, 8647
Let i(t) = 34*t**2 - 28*t + 4. Suppose 0 = 12*w + 12*w + 120. What are the prime factors of i(w)?
2, 7, 71
Let z(f) = -5500*f + 403. List the prime factors of z(-1).
5903
Let a(o) = o**2 + 12*o - 90. Let p(s) = -11*s + 90. Let f(q) = 2*a(q) + 3*p(q). List the prime factors of f(-15).
3, 5
Let z = -9279 + 16354. What are the prime factors of z?
5, 283
Suppose -3*d - 3*w - 18 = 0, -6*d + 2*w - 9 = -5*d. Let k(z) = z**2 - 18*z - 16. What are the prime factors of k(d)?
3, 53
Let n = 11162 - 7397. What are the prime factors of n?
3, 5, 251
Suppose -5*h - 4*o = -15, 4*o - 24 = -3*h + 7*h. Let m(y) = y**3 + 2*y**2 - y - 12. Let n be m(0). List the prime factors of (((-927)/n)/h)/((-12)/32).
2, 103
Suppose -6*w = 3*i - 8*w + 13519, 0 = i - w + 4506. Let t = -2930 - i. List the prime factors of t.
19, 83
Let c be (-63)/42*336/(-9). What are the prime factors of (732/8)/(42/c)?
2, 61
Suppose -93*t + 1305087 = 275856. What are the prime factors of t?
3, 7, 17, 31
Suppose -13*v = -45 - 20. Suppose 5*z - 4*t - 1818 = -t, -v*z + 1813 = 2*t. List the prime factors of z.
3, 11
Let c(d) = -2*d**2 + 41*d - 14. Let i be c(20). Suppose -44 - i = -2*t. Suppose t = 10*k - 9*k. What are the prime factors of k?
5
Suppose -12*f + 20039 + 7453 = 0. List the prime factors of f.
29, 79
Let m(c) = -c**3 + 13*c**2 - 11*c + 20. Let h be m(10). Let q = 675 - h. Suppose 7 + q = 4*x. List the prime factors of x.
2, 59
Let c(u) = -u**3 - 5*u**2 - 2*u + 4. Let w be c(-5). Suppose 2*s + 5460 = w*s. List the prime factors of s.
5, 7, 13
Let i(l) = 2*l**3 + l**2 + 14*l + 23. Let u(k) = 2*k**3 + 15*k + 20. Let p(g) = -6*i(g) + 5*u(g). Let w = -32 - -26. What are the prime factors of p(w)?
2, 29
Suppose -4*j = 2*t + 4, -3*j + 5*t + 25 = 2. Let g(l) = 8 - j - 3*l + 10. List the prime factors of g(-5).
2
Suppose 24 - 10 = -3*f - 2*i, -4*f + 4 = -3*i. List the prime factors of (1*-4)/(f/(-435)*-1).
2, 3, 5, 29
Let j(b) = -6*b**2 - 65*b + 9. Let r be j(-10). Let z be 0 + 1 - (0 + -167). Suppose r - z = -a. List the prime factors of a.
109
Let y = 199 - 196. Suppose 4*o + o + 1447 = 3*j, -5*j + y*o = -2417. What are the prime factors of j?
2, 11
Let t(n) = -33*n**3 + n**2 + 4*n + 3. Let l be t(-3). Let y = 2958 - l. List the prime factors of y.
3, 13, 53
Let w(z) = 3*z + 15. Let b be w(-4). Suppose -7 + 19 = -b*d. List the prime factors of 1/(0 + (d + 0)/(-56)).
2, 7
Let z = 143 - 63. Suppose -5*f + 20 = -z. Suppose -6 = 2*d - 5*n - f, 4*d - 5*n = 18. What are the prime factors of d?
2
Let m(t) = t**3 + 4*t**2 + 2*t - 4. Let h be m(-2). Suppose h = 5*z - 4*w - 30, 0*z + 21 = -2*z - 5*w. Suppose -z*n + 15 - 1 = 0. List the prime factors of n.
7
Let w(x) = -x**3 + 166*x**2 - 353*x + 1173. What are the prime factors of w(163)?
17, 1373
Let o(h) = 28*h - 17. Let l(q) = -q**2 + 21*q - 22. Let p be l(19). List the prime factors of o(p).
431
Let c(g) = -g**3 - 7*g**2 - 13*g - 6. Let y be c(-2). Suppose -2*i = -22 + 18, -2*o - 2*i + 1874 = y. What are the prime factors of o?
5, 11, 17
Let j be -1 + (0 - -71) - 2/(-1). List the prime factors of 20316/j - 2/12.
2, 3, 47
Let r be -18*-3*(-1 + -2). Let h be (-118)/10 - (-2)/(-10). List the prime factors of 3*2/h*r.
3
Suppose -5295 = -18*n - 1263. Suppose 220*m = n*m - 404. What are the prime factors of m?
101
Suppose 62*x - 87*x - d + 782356 = 0, -3*d + 125194 = 4*x. What are the prime factors of x?
2, 15647
Let b = 1656 + -1717. Suppose -p + 3*r = 37, -5*r - 206 = 5*p + 39. Let u = p - b. List the prime factors of u.
3, 5
List the prime factors of -6 + 9 + (-9 - -3476).
2, 5, 347
Let q(t) = -137*t - 5. Let p(j) = -5*j + 21. Let m be p(6). Let g be 6/m - 4/12. What are the prime factors of q(g)?
2, 3, 11
Suppose 3*g - j - 978 = 8239, 0 = -3*j + 15. What are the prime factors of g?
2, 29, 53
Let g(i) = -546*i - 974. List the prime factors of g(-28).
2, 17, 421
Let j be -3 - 47/(-15) - (-133003)/15. Suppose -2*b = -3*i - 2379, j = 5*b + 5*i + 2907. List the prime factors of b.
3, 397
Let f(h) = 9*h**2 + 6*h + 8. Suppose 0 = 8*q - 12*q + 16. Suppose -20 = 5*a + 2*y, q*y - 5 = 2*a + 3. List the prime factors of f(a).
2
What are the prime factors of 4 - (553 + 0)/((15/95)/(-3))?
23, 457
Suppose -11*b + 42*b - 739106 = 653724. What are the 